 r = 7 + l. Give g(r).
0
Suppose 3*w + 2 = -2*m, -4*w - 4*m - 1 = 3. Let j = w - -1. Suppose 0 = 3*d - 2*d - j. Let t(f) = -5*f + 1. What is t(d)?
-4
Let u(s) = -15*s + 2. Let b(f) = -286*f + 39. Suppose -2*w = w - 4*i - 133, -5*i = -w + 59. Let h(a) = w*u(a) - 2*b(a). Give h(-1).
13
Let h(r) = 3 + 845*r + 5 - 847*r. Calculate h(9).
-10
Let g(d) = -d**3 + 4*d**2 + 7*d - 7. Let o(l) = l**2 + 10*l + 5. Let z be o(-10). Calculate g(z).
3
Let c(a) be the first derivative of a**5/20 - a**4/6 - a**3/6 - 2*a**2 + 3*a - 2. Let b(m) be the first derivative of c(m). Let s = -2 + 5. Determine b(s).
2
Let x(y) be the third derivative of -7*y**4/24 - y**3/6 - 2*y**2. Calculate x(1).
-8
Let u(r) = -8*r**2 - r + 1. Suppose 4*d = 3*o - 2, 0*d = -5*o - 4*d - 18. Give u(o).
-29
Let t(z) = -z**3 + 4*z**2 + 5*z - 2. Let q = -5 + 10. Let j be t(q). Let b(s) = 1 + 2*s + 2*s + 0*s. What is b(j)?
-7
Let g(x) = x**3 + 6*x**2 + 6*x - 5. Suppose 0 = -m - 2*y + 6, -4*m - 4*y + 10 + 2 = 0. Suppose 4*f + f = 3*j - 28, -2*f + 4*j - 14 = m. Calculate g(f).
-10
Let t be (-19 + -1)/4 - -4. Let n(p) = -2 - p + 3 + 5*p. Give n(t).
-3
Let m(s) = s**2 + 1. Let v(p) = 4*p**2 + 7*p + 6. Let y(i) = -5*m(i) + v(i). Determine y(6).
7
Let f(y) be the second derivative of y**5/20 - 5*y**4/12 - y**3 + 2*y**2 + 6*y. Let v(g) = -1. Let n(p) = f(p) + 3*v(p). Calculate n(6).
1
Let x(i) = -3*i**3 - 2*i**2 + 2*i - 1. Suppose -2*y - 3*o = -5 - 3, -y = -4*o - 4. Let q = y - 3. Give x(q).
-4
Let h(a) = -a - 3. Let n be h(4). Let k = n + 6. Let b(o) be the second derivative of -2*o**4/3 + o**2/2 + o. Calculate b(k).
-7
Let q(l) be the second derivative of l**3/2 - 2*l**2 - 13*l. Calculate q(3).
5
Suppose 0 = 2*r - 2*v - 8, 6 = -3*r - 2*v - 2. Let h(k) = -k**3 - k**2 - k + 6. What is h(r)?
6
Let p(b) = -2*b**3 + 46*b**2 + 3*b**3 + 2*b - 51*b**2. Let x(a) = a**2 + 6*a - 2. Let h be x(-7). Give p(h).
10
Let z be (5 - 3) + (-2 - -2). Let l(a) = 2 + 5*a + a**3 - 5*a**z + 4 - 6*a + 1. Suppose 3 = 2*k + 2*d - 5, -5*k + 29 = -4*d. Give l(k).
2
Let u(s) = 2*s**2 + 2*s - 4. Let c(b) = -b**2 + 30*b + 28. Let x be c(31). Give u(x).
8
Let d(p) = -p - 3. Suppose 3*q = 5*q. Give d(q).
-3
Let o(r) = -7*r**2 - 10*r - 4. Let j(m) = m**2. Let w(b) = 6*j(b) + o(b). Calculate w(-7).
17
Suppose -4*j = v + 17 + 8, 2*v = 2*j + 10. Let k(a) = -a**2 - 6*a + 5. What is k(j)?
5
Let m be (-3)/2*(-14)/3. Suppose 0 = m*w - 2*w - 20, 0 = -5*v - w - 36. Let d = v - -3. Let p(r) = r**2 + 7*r + 7. Determine p(d).
-3
Let v(m) = -m**2 + 13*m - 14. Let o be v(11). Let w(h) = 0*h + 4 - o + h. Let a(x) = x**3 + 5*x**2. Let d be a(-5). Calculate w(d).
-4
Let y(c) = -3*c + 7. Suppose 5 = 4*x - 15. Calculate y(x).
-8
Let s = -1 + 4. Let h = 3 - s. Suppose 2*r + 3*b = 5, h*b + 21 = -3*r + 5*b. Let n(i) = 2*i**2 - 1. Calculate n(r).
7
Let o(f) = -f**3 + f - 1. Let z(s) = 3*s**2 + 13*s + 10. Let l be z(-5). Suppose 0*y = 5*y + 25, -4*u - 4*y = l. Calculate o(u).
-1
Let o = 4 + -2. Suppose -4*g = h - o*g + 13, 0 = h + 4*g + 23. Let u(s) = s**3 + 5*s**2 + 3*s - 4. What is u(h)?
5
Let h be (1 + 1)/((-8)/(-4)). Let m be 2/2*-3*h. Let j be (-1)/m - 4/12. Let o(u) = -u**3 - u**2 - u + 7. Calculate o(j).
7
Let j be (-1 - 0)/(4/(-8)). Let t(i) = -2*i. Let r be t(j). Let d(g) = -g**3 - 4*g**2 + 2*g. What is d(r)?
-8
Let m(u) = -7*u - 6. Let a(q) = 13*q + 11. Let v(j) = 4*a(j) + 7*m(j). What is v(2)?
8
Let z(w) = -w**2 - 2. Suppose 2*p + 2*f + 10 = 0, -4*p - f - 1 = 10. Let n be p - 3/(-6)*-10. Let m = 5 + n. What is z(m)?
-6
Suppose -2*l = 6, -4*q + 2*l = -q. Let w(v) = -11*v + 1. Let c(b) = -17*b + 2. Let p(r) = -5*c(r) + 8*w(r). Calculate p(q).
4
Let r(p) = 7*p**2 - 23*p + 11. Let k(z) = 4*z**2 - 12*z + 5. Suppose 3*l = -0*l + 9. Let g(w) = l*r(w) - 5*k(w). Let u be g(8). Let d(b) = b + 9. Give d(u).
9
Let u(f) = f**2 - 5*f + 1. Let b be u(3). Let l(v) = -2*v + 8*v + 2 + v**2 + 1. Give l(b).
-2
Let c(a) be the third derivative of a**4/24 + a**3/2 + 3*a**2. Suppose -4*m - 20 = -0*m. What is c(m)?
-2
Let v(f) be the third derivative of f**4/24 + 5*f**3/3 + 6*f**2. Give v(-7).
3
Let y(a) = a**2 - 15*a + 12. Suppose 0 = -t + 24 - 10. Give y(t).
-2
Let u(n) be the second derivative of 0*n**3 + n + 0 - 1/12*n**4 + 1/2*n**2. Suppose -5 - 3 = 4*i. Determine u(i).
-3
Let i(g) be the first derivative of -g**2/2 - 10. Give i(-2).
2
Let a(h) = h**2 - 6*h - 21. Let y be a(9). Let r(b) = -b**2 + 4*b + 2. Give r(y).
-10
Let t(b) be the first derivative of 2*b**3/3 + 2*b**2 + b - 16. What is t(-3)?
7
Let b(n) = n**3 - 5*n**2 - 6*n - 2. Suppose 8*l - 12 = 4*l. Let x = l + 0. Suppose -s + x = -3. Calculate b(s).
-2
Let d = -17 - -19. Let m(u) be the second derivative of 3/2*u**d - 1/2*u**3 + 3*u + 0. What is m(2)?
-3
Let s(c) = -c - c - 97 + 86. Give s(-8).
5
Let k(m) = -m**3 + 7*m**2 - 4*m - 2. Let j = 24 + -18. Determine k(j).
10
Let c(y) = 2*y. Let x(t) = t**2 + 11*t + 5. Let l be x(-11). Calculate c(l).
10
Let v(q) = q**2 - 6*q + 5. Let y be 2/3*(-1 + (-68)/(-8)). What is v(y)?
0
Let b(w) = -6*w**2 + w - 6. Suppose -v - 16 = 3*v. Let z(c) = 5*c**2 - c + 5. Let o(a) = v*b(a) - 5*z(a). Let x be (-4)/(-2)*(-2)/(-4). What is o(x)?
-1
Let k(p) be the second derivative of p**7/2520 + p**6/144 + p**5/60 + p**4/4 + 3*p. Let j(z) be the third derivative of k(z). Determine j(-4).
-2
Let h(p) be the first derivative of p**2/2 + 5*p - 1. Suppose 2 = -5*g + 4*s, 0 = -g + 4*s + 7 - 17. Suppose -2*v - g = c + 2, 2*c = -3*v - 6. Determine h(c).
5
Let p(k) be the second derivative of 3*k**5/10 - k**4/12 + k**3/6 + k**2/2 - k. Let m = 72 + -73. Determine p(m).
-7
Let h(c) = -c + 4. Suppose -5*v + 4 = -2*m - 6, -4*m - 20 = 3*v. What is h(v)?
4
Let s(g) be the first derivative of g - 5/2*g**2 - 1/3*g**3 - 3. What is s(-4)?
5
Let w(o) = o**2 - 12. Suppose 0 = r + 13*r. Calculate w(r).
-12
Let u(z) be the first derivative of -3 - 1/3*z**3 - 2*z - 1/2*z**2. Determine u(0).
-2
Let h(o) be the third derivative of -o**4/24 + 2*o**3/3 + 40*o**2. What is h(0)?
4
Let q(x) be the second derivative of x**4/12 + 2*x**3/3 - x**2/2 - 19*x. Let y(z) = z - 4. Let i(m) = -m + 4. Let c be i(4). Let w be y(c). Calculate q(w).
-1
Let h(d) = -d**3 + 3. Let w(i) = i**3 + i**2 + i + 1. Let b(y) = -y**2 - 3*y - 1. Let j be b(-3). Let s be w(j). What is h(s)?
3
Let j(u) = -1. Let t(k) = 31*k**2 + 16*k - 17. Let w(h) = 6*j(h) - t(h). Let y(a) = -6*a**2 - 3*a + 2. Let g(c) = 2*w(c) - 11*y(c). Calculate g(-1).
3
Let u(a) be the second derivative of -a**4/12 + a**3/6 + a**2 + 2*a. Let v(l) be the first derivative of u(l). Determine v(-2).
5
Suppose k - 3 = -1, 0 = 5*q - 3*k - 4. Let f be 6/(-2) - -3*q. Let i(n) = 3*n - 4. Give i(f).
5
Let t = -15 + 9. Let h(g) = -g. Give h(t).
6
Let u(h) = -5*h + 3*h + 11 + h. Let m = 11 - 11. Let p be 1 - (m + -1) - -3. Give u(p).
6
Let r(l) be the first derivative of -l**3/3 - 2*l**2 + 158. Suppose x + 16 = -3*x. What is r(x)?
0
Let t(x) = -9 - 2*x**2 + 36*x + x**2 - 25*x. Let v = -15 + 25. Let r be t(v). Let d(i) = 4*i**2 + i. What is d(r)?
5
Let r(h) be the first derivative of -2*h**2 - 3*h - 8. Let q be r(-1). Let d(l) = -13*l**3. What is d(q)?
-13
Let j(p) = -13*p - 1. Let w(y) = 38*y + 3. Let d(l) = 17*j(l) + 6*w(l). Determine d(1).
8
Suppose -5 = -4*k + 3. Let u(c) be the second derivative of c**4/12 - c**2 + 13*c. Determine u(k).
2
Let w(x) be the second derivative of -x**3/6 - 5*x**2 + 5*x. What is w(-10)?
0
Let i be 35/21*(0 + 3). Let a(m) = -m**3 - i*m - 26 + 27 + 4*m**2 + 4*m. Determine a(3).
7
Let j(x) = -x**2 - 8*x - 8. Let i(o) = o**2 + 7*o + 7. Let d(g) = 4*i(g) + 3*j(g). Determine d(-3).
1
Let x(p) = p - 4. Suppose -2*v - 17 = 5. Let l = -14 - v. Calculate x(l).
-7
Let w(a) = 5*a + 9*a + 4 - 13*a + a**2 + 5*a. Calculate w(-5).
-1
Let p be (-24)/(-14)*56/4. Suppose -r = 3*r + h + 22, -p = 3*r - 3*h. Let y(c) = -c - 8. Give y(r).
-2
Let q(f) = f**3 + 4*f**2 - f - 1. Let o be q(-4). Let b = o + -4. Let l(p) be the second derivative of 5*p**3/6 - 2*p. Calculate l(b).
-5
Let q(u) be the third derivative of 7*u**6/120 - u**5/30 + u**4/12 - u**3/6 + 5*u**2. Let j(g) = -g**2 + g. Let i(d) = -2*j(d) + q(d). Calculate i(-1).
-8
Let n(s) = 4*s + 2 - 5 + s**2 - 3. Suppose 3*u - 5*u = 10. Calculate n(u).
-1
Let b(p) be the third derivative of p**4/24 + 4*p**3/3 - 37*p*